91. Is l a composite number?
True
Is (-6)/(-57) + 4372449/19 a composite number?
True
Suppose 4*l - 1009169 = -5*d + 674250, 0 = -2*d + 6. Is l composite?
False
Let u = -58 + 41. Let j = 20 + u. Suppose -2*q = 4*x - 1406, -j*q = -3*x - 4*q + 1056. Is x a composite number?
False
Suppose 3*j - 6 = 0, k = 3*j - 1 - 9. Let v be (3/k*2)/((-24)/32). Suppose 3*m + 2*o - o = 873, -v*o = 2*m - 582. Is m a prime number?
False
Let b(w) = 119*w**2 - 92*w - 20. Is b(11) prime?
True
Let t(m) = 71245*m**2 + 7*m + 53. Is t(4) a prime number?
False
Let p = -1 - -2. Suppose -4*m = 0, -6*q + 8 = -2*q - 2*m. Suppose -q*x - 1462 = -5*x - r, -r = -p. Is x composite?
False
Suppose 5*u + 225*q - 227*q = 101445, 0 = -5*u - 2*q + 101425. Is u a composite number?
False
Let d(j) = 146*j**3 + 4*j**2 - j - 1. Let z be d(-2). Is (z*2/(-4))/(4/8) a prime number?
True
Let g be (1/(-2)*4)/(1/4) + 2. Let u be (-18)/(-2)*5666/(-3). Is 12/20 + g*u/45 composite?
False
Let p(i) = 94*i**3 - 33*i + 21. Let c be p(6). Let k = c + -5918. Is k composite?
True
Suppose -2*r + 91 = 5. Suppose 0 = 3*v - t + 39, -3*t + 4 = -4*v - r. Is 1 + (-6)/v + 30962/14 a composite number?
False
Let j(f) = 2*f**2 - 17*f + 15. Let q = -40 - -48. Let p be j(q). Suppose -p*z = -5*z - 734. Is z composite?
False
Suppose 210*g = -501*g + 481704633. Is g composite?
True
Let x = -300 + 358. Suppose 59*b = x*b + 16673. Is b a composite number?
False
Let p be (24/72)/((-2)/36). Is (-484338)/(-46) - (36/(-69))/p a prime number?
True
Suppose -57*l - 82342 = -5648677. Is l a composite number?
True
Is -1*4815564/(-18) + (-65)/(-39) a composite number?
True
Suppose 0 = -u - 3*u + n + 7, 0 = -u + 3*n - 1. Let m be (-13)/(-26) - (-3)/u. Is (1*2558/(-3))/(m/(-3)) composite?
False
Suppose 81*v - 3263717 = 861046. Is v composite?
False
Is (-11 + (-6 - -16))*-139037 prime?
False
Suppose 0 = -3*r - 5*v - 12, 0 = 4*r - v + 3*v + 2. Let p(l) = -2037*l**3 + l**2 - 1. Let f be p(r). Is f/(-2)*(-14)/(-21) a prime number?
False
Let y = 49703 + 5176. Suppose -5*p + 160126 = -y. Is p a prime number?
False
Let s(u) = u**3 + 8*u**2 - 6*u + 12. Let v be s(5). Suppose -v = -j + 1272. Is j prime?
True
Suppose 28*d = 31*d + 107301. Let v = d + 63306. Is v prime?
True
Let t(y) = -111*y + 12 + 157*y - 34 + 137*y. Is t(7) composite?
False
Suppose -43 - 1 = -4*a. Suppose -21841 - 18672 = -a*h. Is h a composite number?
True
Let d(f) be the second derivative of 87*f**5/20 + f**4/6 + f**3/3 - f**2 - 3*f + 38. Is d(3) a prime number?
True
Suppose -20*b - 27*b + 5*b = -4548054. Is b a composite number?
False
Let o be 8*(-4)/(-8) - (-8)/(-2). Suppose 11 + o = l. Suppose -8*h = -l*h + 5523. Is h a prime number?
False
Let x be (-1 - 0)*20896/(0 - 2). Let a = -3951 + x. Is a composite?
True
Let a be (1/4)/(-1)*140/(-7). Let n be 2159/a + 16/80. Suppose g = 2495 + n. Is g composite?
False
Suppose 0 = 3*l + 2*x - 84351, 51*x - 49*x = 0. Is l composite?
True
Suppose 0 = 2*i + 5 + 35. Let t = 25 + i. Suppose 4*n + j - 5741 + 137 = 0, t*n - 5*j = 7005. Is n a composite number?
True
Is (13 + -14 - 1)/((-6)/175611) composite?
False
Let c be 1470/78 - 4/(-26). Suppose 2*z = 1 + 1, 4*y - c = -3*z. Suppose 0 = -2*q + 5*t - 226 + 2090, -2*t - 3744 = -y*q. Is q composite?
False
Suppose 9754 = 7*w - 1215. Is w composite?
False
Let u = -2929 + 5608. Let r = -1592 + u. Is r prime?
True
Suppose 48 = 4*k - 3*w - 3, -5*k - 5*w + 55 = 0. Suppose -6*h = -0 - k. Suppose h*y + i = 527, 2*i = y - 0*i - 261. Is y a prime number?
True
Suppose 108*h = 103*h + 4*y + 54719, 54671 = 5*h + 4*y. Is h prime?
True
Is ((-69)/138)/(1/(-979102)) a composite number?
False
Let i(u) = 47*u + 20. Let q(k) = 5*k - 25. Let r be (-45)/(-4) + (-5)/4. Let m be q(r). Is i(m) prime?
False
Let d = 35 + -47. Is (19161/d)/(3/(-8)) a composite number?
True
Let h(u) = 23*u**3 + 19*u**2 + 68*u - 1219. Is h(16) prime?
False
Suppose 122*i = 1049369 + 6856475. Is i composite?
True
Is ((-1727882)/(-39) - 9)*3 a composite number?
False
Let y(b) = -4*b + 46. Let a = 129 + -118. Let t be y(a). Suppose 0 = -z - 4*z + t*i + 36349, -21801 = -3*z + 4*i. Is z a prime number?
False
Let r = -36167 - -99388. Is r composite?
True
Let p = -188 + 275. Let u = -281 + p. Let f = u - -279. Is f composite?
True
Suppose -2*p - 111*k = -110*k - 38240, -4 = 2*k. Is p prime?
True
Is ((-16874)/(-6) - -2)/(146/438) a prime number?
True
Let d = 834 - 523. Let t = 72 + d. Suppose 0 = 3*q - 2*j - 4902 + t, -2*q + 3012 = -2*j. Is q composite?
True
Suppose 80*h - 22*h - 56735359 = -49*h. Is h a prime number?
True
Suppose -4*v + 883917 = k, 0 = 109*v - 112*v - 7*k + 662944. Is v prime?
False
Suppose 0 = 5*r - 460 + 30. Let u = 97 + r. Is u a composite number?
True
Let w = 60 + -58. Suppose w*n + 2340 = 6*n. Suppose -3*d = -546 - n. Is d a composite number?
True
Let b = -641 - -1181. Suppose b = -u - 130. Let o = u + 1077. Is o a composite number?
True
Let u = 6230 - 758. Suppose 17800 = 8*x - u. Is x prime?
True
Let b(u) = u**3 + 20*u**2 - 24*u + 9. Let d be b(-21). Suppose -57 = 5*v - d. Suppose 4*t + 3*z = 4*z + 2296, v*z + 585 = t. Is t composite?
True
Let r(w) = -227*w**2 - 3*w - 1. Let m be (-8 - -7)*(3 + -2). Let s be r(m). Let t = s - -386. Is t a prime number?
False
Suppose 38*s = 41*s - 18. Let x be 475*s/(-15)*-4. Let n = x - -973. Is n a prime number?
True
Let g be 6/2*(-2064)/(-36). Let x be 0 + 417 + 6/3. Let h = x + g. Is h a composite number?
True
Suppose -2*z - 150 = -v, 0 = -5*v + z + 477 + 228. Let d be -373*3*v/(-12). Suppose -o = 4*o - d. Is o composite?
True
Suppose 20*z + 8142 - 53282 = 0. Suppose 5*o - x - z = 0, 3*o - 5*x = -0*o + 1363. Is o composite?
True
Suppose 0 = 3*k + 2*i - 22090, 26*k - 4*i = 27*k - 7350. Suppose k = 13*t + 16*t. Is t a composite number?
True
Let d = -2002 + 1135. Let c = -377 - d. Suppose 2179 = 3*n + c. Is n prime?
True
Let u be (2 - 1)/(14/38668). Let n = u - -1611. Is n composite?
False
Let o = -1404 - -2523. Suppose o*a - 1128*a + 91899 = 0. Is a a composite number?
False
Suppose -6255713 - 6634702 = -23168*y + 23153*y. Is y a composite number?
False
Let z be (108/198)/((-3)/(-33)). Is 10*z/(-75)*1270/(-4) prime?
False
Let k(g) = g**3 + 3*g**2 - 5*g. Let i = 49 - 53. Let l be k(i). Is (l/(-12))/((12/34137)/(-4)) prime?
True
Suppose 255*z - 259*z + 249619 = s, 0 = -2*s + 2*z + 499208. Is s composite?
False
Suppose 16*n + 195 = -173. Let x(a) = 5*a**2 - 48*a - 30. Is x(n) a composite number?
False
Suppose -13*a - 96 + 369 = 0. Is a a prime number?
False
Let h(a) = -3*a**3 - 94*a**2 - 958*a - 44. Is h(-51) a prime number?
False
Let b = -88 + 133. Let d be (-189)/49 + 3/(-21) + 559. Suppose 50*q = b*q + d. Is q a composite number?
True
Suppose -167 + 567 = 5*b - 5*n, 0 = 3*b - n - 232. Let p = 201 - b. Suppose -17*f + 12*f + p = 0. Is f a prime number?
False
Let r = 681739 - 396128. Is r composite?
False
Suppose 2*h = -5*f + 735253, -360542 = -5*f - 3*h + 374705. Is f prime?
False
Let g be (-2)/((-8)/(-4)) - -11. Let v(w) = 2*w + 4*w + 10*w + 1. Is v(g) composite?
True
Suppose -2*g - 5*t = -5*g - 25, 2*t - 10 = -3*g. Suppose -q + 7*q = -g*q. Suppose 2*y + 3*y - 2*x - 9123 = q, 7276 = 4*y + 4*x. Is y composite?
False
Let m(n) = n - 5*n - 1 - 5*n**3 - 5*n**3 - 2. Let i(o) = -6*o**2 - 3*o + 1. Let x be i(-1). Is m(x) prime?
False
Let f = -5489 + 10664. Is (0 - -2) + 8/4 + f a composite number?
False
Let k = -287 - -775. Suppose 5*c + 0 = -2*i + 209, c = -5*i + k. Suppose -3*m = 3*x - 273, m - 3*x = -7*x + i. Is m a prime number?
True
Let v(h) = 5*h**3 - 57*h**2 + 41*h + 202. Is v(41) a prime number?
False
Is (-18 + (-500225)/75)/((-2)/6) prime?
True
Let i(r) = 45*r**3 + r**2 + 22*r + 101. Let p(u) = 90*u**3 + u**2 + 44*u + 202. Let z(v) = -9*i(v) + 4*p(v). Is z(-5) composite?
True
Suppose 3*j = -4*p - 0*p + 21521, 0 = -2*j - 2. Is p a prime number?
True
Suppose 85*l = 81*l - 32. Is (1 + 2)/12 - 1158/l composite?
True
Let g = -201889 + 299216. Is g a prime number?
True
Suppose 6*p - v - 102093 = 5*p, -8*v = p - 102057. Is p prime?
False
Suppose 2*t + 6 = -4. Let y be 4/(12/9) - (-5 - t). Suppose -122 + 23 = -y*m. Is m composite?
True
Let q(g) = -g**3 - 4*g**2 - 2*g + 1. Let x be q(-4). Let j = 14 - 43. Is j*x*(-4)/3 + -1 composite?
False
Suppose 0 = -7*b + 2969 - 127. Suppose s = -b + 23